+ 2*l + 22. List the prime factors of f.
3
Let d be -1*5/(-2)*22. Suppose 0 = -4*f - 3*k + d, 3*f + 5*k = -0*k + 44. What are the prime factors of f?
13
Let d(t) = -t**3 + 4*t**2 + 4*t - 9. What are the prime factors of d(-6)?
3, 109
Let g = -5 + -2. Let c(r) = -r**3 - 6*r**2 + 5*r + 2. What are the prime factors of c(g)?
2
Let y(q) = 2*q - 13. What are the prime factors of y(8)?
3
Let a = 32 + -23. Suppose -6*y - a = -3*y. Let t = 24 + y. List the prime factors of t.
3, 7
Let i = -36 - -22. Let x be 7*(192/i)/(-2). Let u = x - 27. List the prime factors of u.
3, 7
Suppose -3*d + 53 = -6*d + 2*b, 0 = -d - b - 21. Let a = 11 + d. What are the prime factors of 4*-4*6/a?
2, 3
Let w(h) be the third derivative of h**5/60 - h**4/6 - h**3 - h**2. Let d be w(6). Suppose q = d*q - 20. List the prime factors of q.
2
Let k(h) = -h + 3. Let w be k(-7). Suppose -w = -8*v + 3*v. Suppose 3*d = v*l + 2*l - 41, -2*l - d = -23. List the prime factors of l.
11
List the prime factors of -2*(57/(-6) - (-1 + 4)).
5
Let v(j) = -3*j + 47. What are the prime factors of v(5)?
2
Let x = 1064 + -726. List the prime factors of x.
2, 13
Let k(o) = o**3 - 4 + 3 + 0*o**3 + 3*o - 1 - o**2. Let r be k(2). Suppose -5*y - 4*d = -r*y + 71, 2*y + 5*d = 9. List the prime factors of y.
17
Let w = -56 + 29. Let l be (-114)/w - (-2)/(-9). Suppose -l*h - 38 = -6*h. What are the prime factors of h?
19
Let q be -6*(2/(-3))/1. Suppose 0 = 4*m - 2*g + 42, -m - g - 18 = -q*g. Let l(t) = -t**3 - 10*t**2 - 9*t + 4. What are the prime factors of l(m)?
2
List the prime factors of ((-18)/8)/((-6)/368).
2, 3, 23
Suppose -23 = -2*v + 61. Suppose 0*k - k + v = 0. List the prime factors of k.
2, 3, 7
Let i(g) = -g**3 + g**2 + g + 5. Let d(u) be the third derivative of u**5/60 + 3*u**2. Let h be d(0). What are the prime factors of i(h)?
5
Let k = 3 + -5. Let i be k/5 - 88/(-20). Suppose i*x = -4*l, -x + l = -2 - 8. List the prime factors of x.
5
Let t(j) be the first derivative of -4*j**2 + j - 4. What are the prime factors of t(-1)?
3
Let w = 0 + 4. Suppose -w*d + 33 = -31. What are the prime factors of d?
2
Let k(g) = -3*g - 13*g**2 + 5*g**2 + 4 + 7*g**2. Let t = -9 + 6. List the prime factors of k(t).
2
Let q be -11 + (3/(-3) - 1). Let j = -9 - q. Suppose j*w - 13 = 3. What are the prime factors of w?
2
Suppose 4*y + 4*h = 56, -3*h + 5 + 10 = 0. What are the prime factors of y?
3
Suppose -5*n = -2*n. Let z = n - -4. Suppose 0*d + 8 = z*d. List the prime factors of d.
2
Let q be (-2)/(28/8 + -4). Let m(t) = 7*t - 4 + 2 - 3*t. What are the prime factors of m(q)?
2, 7
Suppose -4*h = 8*h - 1980. List the prime factors of h.
3, 5, 11
Let m be (4/(-3))/(6/(-207)). Let q = 25 - m. Let h = q - -29. What are the prime factors of h?
2
Suppose 3 = 2*x - 5*x. Let k be -18*x/((-9)/6). What are the prime factors of (16/k)/((-1)/6)?
2
Suppose i - 5 = -1. Suppose -5*d - i = -5*p + 6, -4*p + 4 = -2*d. What are the prime factors of (14/(-6))/(d/6)?
7
Let f = -117 + 134. What are the prime factors of f?
17
Let w(c) be the first derivative of 2*c**3/3 - c**2 - c - 1. What are the prime factors of w(-2)?
11
Suppose -4*b - 63 = -f, 4*f - 5*b - 300 = -f. Suppose 4*w - f = 5*l, 2*w + 8 = 3*w + l. List the prime factors of w.
11
Suppose 0 = -2*m - 2*m - 4. Let b be (4 - 1) + (1 - m). Suppose -2*l - 3*q + 4 = 0, 0 = -b*l - 5*q - 2 + 22. List the prime factors of l.
2
Let d = 26 + -21. Suppose d*j + 5*v = -10, -4*v + 0*v - 26 = -2*j. List the prime factors of j.
3
Suppose -2*l + d = -9, -7*d = -4*l - 2*d + 21. Let i = l - -2. List the prime factors of i.
2, 3
Suppose -3*g = 3*b - 120, -2*g + 3*b = -0*g - 85. Suppose 0 = -3*k - g - 19. List the prime factors of 5/k + 17/4.
2
Let p be 2*1/2*1. Let g = 4 - p. What are the prime factors of g?
3
Let n = -9 + 14. Suppose 5*f = 2*k - 26, 0*f = 3*k + n*f - 14. What are the prime factors of k?
2
Let w = -33 - -50. What are the prime factors of w?
17
Let c = 44 - 31. What are the prime factors of c?
13
Suppose 5*j - 8 = 62. Suppose -o - 7*b = -3*b - j, b + 64 = 2*o. List the prime factors of o.
2, 3, 5
Suppose -3*r - 33 = -2*c + c, 5*r = -2*c + 88. What are the prime factors of c?
3, 13
Let z(i) = i**3 + 9*i**2 - 8*i - 3. Let f be z(-9). Let b(m) = -m**2 + 2*m. Let k be b(3). List the prime factors of 2/k - f/(-9).
7
Suppose 4*i - 3*b + 5 = 8*i, -5*i - b = -20. Suppose 2 = -2*t - 3*q, -i*t + 5*q - 78 = -23. List the prime factors of (-2)/2*t + 2.
3
Suppose 0 = -b - 2*c - 1, 0 = 3*b + 2*c - 3 - 2. What are the prime factors of b?
3
Let u = 6 - 3. Suppose -4*z + u*a = 6, 4*z + a = 3*a - 8. What are the prime factors of (3/z)/(-1)*3?
3
Let m = -5 - -9. Suppose -47 = -m*y - 2*j + 3*j, 0 = -2*y - j + 25. List the prime factors of y.
2, 3
Suppose -3*y + 0*y = -42. Suppose 38 = 2*b - y. What are the prime factors of b?
2, 13
Suppose -7 = -5*k + 4*h, 2*h - 13 - 6 = -5*k. Let v(z) = 2*z - 4. What are the prime factors of v(k)?
2
Suppose -32 = -k - 111. Let f = 151 + k. What are the prime factors of f/(-30)*(-10)/4?
2, 3
Suppose 0*a - 3 = -a. Suppose -5 = a*d - 53. List the prime factors of (d/10)/((-6)/(-15)).
2
Suppose -67 + 17 = 5*y. Let u = 40 + y. List the prime factors of u.
2, 3, 5
Let g(z) = -z**2 + 3*z + 3. Let u be g(-3). What are the prime factors of (-5)/u*(0 + 27)?
3
Let p(v) = -7 + v - v + 3*v. Let a be p(6). Suppose 2*g = 33 - a. List the prime factors of g.
11
Let j(c) = 8*c**2 + 2*c + 3. Let t be j(-3). Let s = t - 34. List the prime factors of s.
5, 7
Let g(z) = z**3 + 12*z**2 + 12*z + 21. List the prime factors of g(-10).
101
Let t = 0 + 1. Suppose x = -0*x - 5*i + 13, 2*x + t = -i. List the prime factors of x*(-13 - (-9)/3).
2, 5
Let k(d) = -18*d - 21. List the prime factors of k(-12).
3, 5, 13
Suppose -g - 3*m + 13 = 0, -4*m = -6 - 6. What are the prime factors of 31 - (g/1)/(-4)?
2
Suppose 38 = 5*a - 107. What are the prime factors of a?
29
Suppose 0 = 3*p - 5*p - 2. Let r(a) = -8*a + 2. Let b(z) = -z + 1. Let y(g) = p*r(g) + 6*b(g). List the prime factors of y(5).
2, 7
Suppose -5*g + 3*t - 67 = 156, 0 = -5*g - t - 239. Let p = 75 + g. List the prime factors of p.
2, 7
Let a(q) = q**3 - 2*q**2 + 3*q + 4. Let b be a(3). Let p = b + -13. Suppose 3*w - p = -3*d, 3*d = 4*d - 3*w - 15. List the prime factors of d.
2, 3
Let s be 2/(-8) + (-25)/(-4). Let l be -8*(1 + s/(-4)). Suppose l*r - 24 = -2*y - 0*y, 0 = 3*y. What are the prime factors of r?
2, 3
Let s be 4/(-8)*-10*-9. Let w = s + 85. List the prime factors of w.
2, 5
Let d = 23 - -8. List the prime factors of d.
31
Suppose 0 = 2*u - 6 - 6. Let b = 12 - u. List the prime factors of b.
2, 3
Let m be ((2*17)/(-2))/(-1). Let i(h) = -h**3 + h + 8. Let d be i(0). Suppose -5*q = -m - d. List the prime factors of q.
5
Suppose 65*a = 70*a - 155. What are the prime factors of a?
31
Suppose 2*p - 12 = -p. Let q = p + -4. Let j(z) = z**3 - z**2 + 5. What are the prime factors of j(q)?
5
Let d be (-2 - (-2)/5)*-5. Suppose 90 + 4 = 5*m + 2*s, m - 5*s - d = 0. What are the prime factors of m?
2, 3
Suppose 3 = -5*k + 13. Let o = k - -4. Suppose 4*b - 2*c - 6 = 0, c + o = 3*b - 0. List the prime factors of b.
3
Suppose 3*r - 4*v = -2, 4*v + 14 = -3*r - 2*r. List the prime factors of r/((15/24)/(-5)).
2
Let p(j) = -14*j**3 + 2*j + 1. Suppose -i + 12 = 2*i. Suppose -5*f + 4 = i*t - t, 2*f - 5*t + 17 = 0. List the prime factors of p(f).
13
Let k(t) = -t - 4. Let y be k(-9). List the prime factors of 34/4 - y/10.
2
Suppose -3*i = -4*u - 683, -7*u + 667 = 3*i - 3*u. List the prime factors of i.
3, 5
Let n be (-29)/2*(-1 - 1). Suppose -n = -2*a - 1. List the prime factors of a.
2, 7
Suppose 0 = h + 4*h - 210. List the prime factors of h.
2, 3, 7
Let j(y) = 42*y + 26. List the prime factors of j(6).
2, 139
Let y be 785/20 - 1/4. Let o = y + 5. List the prime factors of o.
2, 11
Let s(q) be the first derivative of q**3/3 + q**2/2 + 2. What are the prime factors of s(-3)?
2, 3
Let u be (-1)/(-5) + (-633)/15. Let f be u/12*(-4)/7. Suppose 0*d - f*d = -42. List the prime factors of d.
3, 7
Suppose -q + 54 = 2*q. Let n = 23 - 32. Let s = n + q. What are the prime factors of s?
3
Let g(h) = h + 2. Let j be g(2). Let v = 20 - j. What are the prime factors of v?
2
Let z(b) = b**3 + b**2 - 4*b - 3. Let w be z(-2). Let l be (w/2 - 0)*0. Suppose -5*q